20/2 - (v + (1 - 0)) is divided by 37.
36
Suppose 1 = 2*c + 3, 4*c + 36 = 4*f. Suppose -5*b = -3*g + 133, g - 5 - 21 = -2*b. Calculate the remainder when g is divided by f.
4
Let b(s) = -17*s - 81. What is the remainder when 13 is divided by b(-5)?
1
Suppose -56*y + 63*y = 1330. Calculate the remainder when y is divided by 13.
8
Suppose -10 = 3*y - 13. What is the remainder when 119 is divided by (4/3)/(y/9)?
11
Let q = -64 + 34. What is the remainder when q/(2/(-3) - (3 - 3)) is divided by 26?
19
Let y = 146 + -124. What is the remainder when 63 is divided by y?
19
Suppose 0*q - 234 = -2*m + 4*q, -2*q - 363 = -3*m. Suppose 139 = 17*s - 388. Calculate the remainder when m is divided by s.
30
Let h = 8 - 13. Let b = 7 + h. Suppose -b*y - 2*y = -228. Calculate the remainder when y is divided by 15.
12
Suppose 3*u - 10 = -2*x, -2 + 6 = 5*x - 3*u. What is the remainder when 80/4*3/(x + 1) is divided by 6?
2
Let f be (-6)/(-8) - (-69)/4. Calculate the remainder when (-4)/f + (-353)/(-9) is divided by 20.
19
Let w(c) = 96*c**2 - 11*c - 23. What is the remainder when w(-4) is divided by 20?
17
What is the remainder when (-2)/(423/429 - 1) is divided by 47?
2
Let b = 182 - 174. What is the remainder when 30 is divided by b?
6
Let a(c) = c + 2. Let t be a(8). Let f(x) = x**2 - 9*x + 12. What is the remainder when 174 is divided by f(t)?
20
Let a be (-6)/(-1 - (-5)/20). Calculate the remainder when 71 is divided by (-16)/(-3)*18/a.
11
Let n = -169 - -316. Suppose -x = -2*d + n + 76, 5*d = -x + 554. Suppose 3*t + 2*m = 5*m + d, 3*t + 5*m = 119. Calculate the remainder when t is divided by 10.
8
Let s = -107 + 127. Calculate the remainder when (-12 - -14)*s*1 is divided by 15.
10
Let g = -14 - -17. Suppose -12 = -g*d, -3*b + 4*b + 4*d = 0. Let z = 19 + b. Calculate the remainder when z is divided by 3.
0
Suppose -3*z - 3*n = 3, z + 12 = -5*n + 3. What is the remainder when 36 + (-4)/z + 6 is divided by 13?
12
Suppose -2*q - 16 = 2. Let g be -6 - -4 - (q - 0). What is the remainder when 79 - g - (-2)/1 is divided by 19?
17
Calculate the remainder when 6335/5*5/35 is divided by 14.
13
Suppose 2*d + d + 180 = 0. Calculate the remainder when (15 + (5 - 16))*(-29)/(-2) is divided by (3/4)/((-3)/d).
13
Suppose -2*w + k = 562, 2*w - 550 = 4*w + 5*k. Let v = w - -543. Suppose 7*z - 66 - v = 0. What is the remainder when z is divided by 17?
13
Suppose -4*n = -2*t - t - 35, 45 = 5*n - 4*t. Suppose 36 = n*o - 89. Let k(i) = -4*i - 3. What is the remainder when o is divided by k(-3)?
7
Suppose 4*d = 113 + 107. What is the remainder when 105 is divided by d?
50
Let r(n) = n**2 - 10*n + 5. Let t be 6*8/12 + 9. What is the remainder when r(t) is divided by 15?
14
Let o = -97 + 156. Let m = -16 + o. Calculate the remainder when 127 is divided by m.
41
Suppose -3*s - 12 = 0, -3*n + 0*n - 4*s + 113 = 0. Calculate the remainder when 100 is divided by n.
14
Let p(k) be the first derivative of 10*k**2 + 9*k + 8. Let a be p(3). Let h = -46 + a. What is the remainder when 90 is divided by h?
21
Suppose -46*y + 49*y = 3. Let q(r) = -r**3 + 2*r**2 + 5*r + 1. Let u be q(4). Calculate the remainder when (-7)/(y/u*1) is divided by 39.
38
Let o(u) = 40*u - 10. Let k be o(5). Suppose -206 = -4*g + k. What is the remainder when g is divided by 25?
24
Let o = -299 - -324. What is the remainder when 149 is divided by o?
24
Let g = 7 + -7. Suppose -d - 4*d + 300 = g. Let u = d + -35. What is the remainder when u is divided by 9?
7
Suppose 0 = 3*g + 3 - 9. Suppose -4*u + g*u = -152. Let o = u + -49. What is the remainder when o is divided by 7?
6
Let x(r) = -r**3 - 3*r**2 + r + 4. Suppose 2*n + 6 + 2 = 0. Let q(f) = -3*f + 1. What is the remainder when x(n) is divided by q(-3)?
6
Suppose 7 = -k + 3, -5*j - 4*k = -389. What is the remainder when j is divided by 14?
11
Let h(m) = 617*m**3 + m. Let g be h(1). Suppose 0 = -12*n + 6*n + g. Calculate the remainder when n is divided by 21.
19
Let j(p) be the third derivative of 3*p**4/4 - 5*p**3/2 - 10*p**2. Calculate the remainder when j(3) is divided by 14.
11
Let u = 500 - 487. Suppose -84 = -z + 5. What is the remainder when z is divided by u?
11
Let q be (480/56)/((2/91)/(-2)). What is the remainder when (1/3)/((-10)/q) is divided by 7?
5
Let s be ((-18)/(-5))/((-12)/(-160)). Suppose -x - s = -5*x. Let g = x - 4. Calculate the remainder when 30 is divided by g.
6
Let g = 16 - 0. Let s(l) = -4*l**2 + l**2 + 7*l - 4*l**3 + 3*l**3 - 4. What is the remainder when s(-6) is divided by g?
14
Let y = 1091 + -1043. Calculate the remainder when 621 is divided by y.
45
Calculate the remainder when 74 is divided by -4*((1 - 5) + -14)/2.
2
Let t = 1751 - 1729. Calculate the remainder when 152 is divided by t.
20
Let m = 3 - 5. Let t(s) = -4 - 2*s + 5*s - 9*s. What is the remainder when t(m) is divided by 2?
0
Suppose -288 = 6*w - 10*w - 4*h, 3*w + 2*h - 219 = 0. Calculate the remainder when w is divided by 7.
5
Suppose 0 = -6*z + 81 + 99. What is the remainder when z is divided by 16?
14
Let i(a) = a**3 + 9*a**2 + 4*a - 17. Suppose -5*d - 23 + 73 = 0. Calculate the remainder when i(-6) is divided by d.
7
Let f(l) = -l**3 - 12*l**2 - 8*l - 2. Let g be 8/36 + (-202)/18. Let j be f(g). Let r = j + 42. What is the remainder when 20 is divided by r?
6
Let u(l) = -l**3 - 2*l**2 - 6*l + 59. What is the remainder when u(0) is divided by 30?
29
Let u = -25 - -38. What is the remainder when (-39)/u*104/(-3) is divided by 27?
23
Calculate the remainder when (-3 - (3 + -2)) + 201 is divided by 20.
17
Let t(x) = -14*x + 4. Let p(d) = 15*d - 5. Let b(l) = 5*p(l) + 6*t(l). Suppose 9*v - 763 = -160. What is the remainder when v is divided by b(-2)?
16
Let b = -682 + 707. What is the remainder when 74 is divided by b?
24
Let q = 63 - 55. Suppose 123 = 2*c + 33. Calculate the remainder when c is divided by q.
5
Let m = 1 + -64. Suppose -7*j - 58 = 222. Let b = j - m. Calculate the remainder when b is divided by 13.
10
Let o(a) = -81*a + 179. What is the remainder when 576 is divided by o(2)?
15
Suppose -2*t - 3*t = -25. Suppose -h - 3*j = -4*h - 3, -t = -5*h + 3*j. Calculate the remainder when (-1)/1 - (-12 + h) is divided by 3.
1
Suppose 6 = 2*a - a. Let p(n) = 78*n**3 - 15*n. Let r(w) = -11*w**3 + 2*w. Let d(z) = 6*p(z) + 45*r(z). Calculate the remainder when d(-1) is divided by a.
3
Suppose -8*q + 3*q = -a - 805, -3*q - 5*a = -511. Calculate the remainder when (q/(-8))/(6/(-16)) is divided by 19.
16
Suppose -6 - 190 = -7*n. Calculate the remainder when n is divided by 2.
0
Let s(b) = -2*b**3 - 3*b**2 + 2*b - 1. Suppose 0 = -5*a - p + 10, a + 32*p = 31*p + 2. What is the remainder when s(-3) is divided by a?
0
Suppose 9*w - 36 = 3*w. Suppose -93 = -3*o - w. Calculate the remainder when o is divided by 15.
14
Suppose -5*q - 20 = -t - 4*t, -2*q - 10 = -3*t. Let v(u) = -15*u + 10. Let y = 35 - 21. What is the remainder when v(q) is divided by y?
12
Suppose -4*f - 61 + 93 = 0. Suppose f = 4*s + 4*s. Let p = 1 + 0. What is the remainder when s is divided by p?
0
Let d(z) = z**2 + 4*z + 1. Let u be d(-5). Let x(c) = c + 5. What is the remainder when 30 is divided by x(u)?
8
Let v = 219 + -190. What is the remainder when 67 is divided by v?
9
Suppose 21*c = 206 + 760. Let a = 27 + -15. Calculate the remainder when c is divided by a.
10
Let u(g) = -g**2 + 6*g + 10. Let w be u(7). Suppose -17 = z - w*z + a, 2*z - 3*a = 19. Calculate the remainder when z is divided by 5.
3
Let o(n) = -n**3 + 6*n**2 + 3*n + 8. Let c be o(7). Let r = c + 16. Calculate the remainder when 12 is divided by -7*(12/r + 2).
5
Suppose 5*j - 181 = 164. Suppose -3*b = 4*b - 168. Calculate the remainder when j is divided by b.
21
Let y = 181 - 158. Calculate the remainder when y is divided by 12.
11
Let n(b) = 2*b**2 - 13*b + 12. Let d be n(9). Suppose 2 = -g - 0*g, -5*x - 4*g = -d. What is the remainder when x is divided by 7?
6
Suppose -5*j + 0*r - 288 = -2*r, 0 = -5*r + 20. Let w = -34 - j. Calculate the remainder when 41 is divided by w.
19
Let c = -1025 - -2063. What is the remainder when c is divided by 40?
38
Let m(r) = -r**2 + 13*r - 27. Let t be m(10). What is the remainder when 107 is divided by t - ((0 - -3) + -18)?
17
Suppose -5*l = -6*l. Suppose -20 = -l*v - 2*v. What is the remainder when 